se w*a - 420 = -10*a. List the prime factors of a.
2, 3, 7
Suppose 0 = 4*b + k + 104, -2*b - 4*k - 38 = -0*b. Let u = -8 - b. What are the prime factors of u?
19
List the prime factors of (-5)/((-5)/(-2)) - (-728 - 3).
3
Let k(u) = u + 11. Suppose r - 5*r + 100 = 0. Let s = 21 - r. What are the prime factors of k(s)?
7
Let r(l) = 36*l + 213. What are the prime factors of r(20)?
3, 311
Let u(j) = 2*j**3 + 29*j**2 - 49*j + 15. List the prime factors of u(-14).
3, 13, 23
Suppose 1 = p + h, 0 = -7*p + 2*p - h + 13. List the prime factors of 302/5 - p/(-5).
61
Let s(l) = 0 + 6*l + 0*l + 0. List the prime factors of s(3).
2, 3
Let v be 130/30 - 2/6. Suppose -v*s + 6*s = 76. List the prime factors of s.
2, 19
Let t(s) = -8*s**3 + 8*s**2 + 11*s - 21. List the prime factors of t(-8).
11, 409
Let q = -3 - -3. Let c = q + 18. List the prime factors of c.
2, 3
Suppose 4*x - 210 = s - 39, 3*s + 5*x + 598 = 0. Let m = -83 - s. What are the prime factors of m?
2, 3
Suppose p - 4 = -4*t, 0*p + 8 = 2*p + t. Suppose -p*r + 107 = -125. What are the prime factors of r?
2, 29
Suppose -3*l + 30 = 2*l. Suppose u - 3*u + s = -15, s - l = -u. List the prime factors of u.
7
What are the prime factors of ((-3)/2)/3 - (-20724)/8?
2, 5, 7, 37
Let o(a) = 8*a**2 + 6*a**2 - a - 13*a**2 + 4 - 2. Let v be o(2). Suppose v*u - 39 = 21. What are the prime factors of u?
3, 5
Let b(g) = -g - 8. Suppose -13*k = -11*k + 22. Let h be b(k). Suppose -5*a = h*t - 257, -63 = -2*a - t + 40. List the prime factors of a.
2, 13
List the prime factors of 644 - (-1)/(3*(-1)/9).
641
Suppose 2321 - 7265 = -12*o. Suppose b + o = 2*h, b + 208 = -6*h + 7*h. List the prime factors of h.
2, 3, 17
Let v be (-17)/(-136) + 1/(-8) + 5. Suppose -v*d - 48 = -988. List the prime factors of d.
2, 47
Let q(g) = g**3 + g**2 + 4*g + 4. Let t be q(0). What are the prime factors of 267*t*3/(14 - -4)?
2, 89
Let b = -2486 - -4617. List the prime factors of b.
2131
Suppose 0 = t + 3*m + 34, -t = -m - 0*m + 14. Let b = t + 41. Let i = 42 - b. What are the prime factors of i?
2, 5
What are the prime factors of 1*155 + (-248)/8 + 23?
3, 7
Let t = -63 - -12. Let h = t - -234. What are the prime factors of h?
3, 61
Let q = -66 - -62. Let b(z) = 4*z**2 + z - 10. What are the prime factors of b(q)?
2, 5
Suppose -1556 + 303 = -5*g - 3*k, 4*g - 5*k - 1032 = 0. Let l = 187 - 364. Let i = g + l. List the prime factors of i.
2, 19
Let a(b) = b**2 + 5*b - 4. Let f be a(-6). Suppose 2*t - 2*r + 2 = 0, 3*t - f = -t - 2*r. Suppose t = -0*k - 3*k + 18. List the prime factors of k.
2, 3
Let a = -1 + 2. Let i be 1 + 1/a + -9. What are the prime factors of 90/4 + i/(-14)?
23
Let w(o) = 3*o**2 + 16*o + 25. Let c = -73 - -64. List the prime factors of w(c).
2, 31
Suppose -299*s + 275*s + 23040 = 0. What are the prime factors of s?
2, 3, 5
List the prime factors of 3*6/(-27) + 58675/15.
3911
Let h = 23 + -17. Let o(z) = -11*z + 5*z - h + z**2 + z. What are the prime factors of o(10)?
2, 11
Let h = 1419 + -593. What are the prime factors of h?
2, 7, 59
Let g = -38 - -46. What are the prime factors of 356/8 + (-12)/g?
43
Let j(y) = y**2 + 5*y + 2. Let z(c) = c**3 - 5*c**2 + 4*c - 6. Suppose -7*i = -12*i + 20. Let s be z(i). List the prime factors of j(s).
2
Suppose 0 = -26*o + 45740 + 15152. What are the prime factors of o?
2, 1171
Let j = 39 + -39. List the prime factors of (-24)/(-3) + (j - 1) - 1.
2, 3
Suppose 5*l - 15 - 5 = 0. Let i be (80/25)/(l/10). Suppose j - 31 = -i. List the prime factors of j.
23
Suppose -87*h + 126 = -86*h. Suppose h + 88 = j. List the prime factors of j.
2, 107
Let p = 5147 + -3052. What are the prime factors of p?
5, 419
Let l(w) = 3*w + 12. Let k be l(-4). Suppose 3*c - 4*c + 10 = k. Suppose 9*m + 22 = c*m. What are the prime factors of m?
2, 11
Let t(n) = -n**3 + 17*n**2 + 7*n + 31. Let g be t(16). Let o = g - 243. What are the prime factors of o?
2, 3, 13
Let i = -2307 + 4038. List the prime factors of i.
3, 577
Suppose 47*a + 18370 = 57*a. List the prime factors of a.
11, 167
Let p(x) = -2*x - 30. Let y be p(17). List the prime factors of (-8)/y + (-798)/(-16).
2, 5
Suppose -46 = 4*z - 414. What are the prime factors of z?
2, 23
Let f(y) = -y**3 - 10*y**2 + 10*y - 5. Let b be f(-11). Suppose -3*g + 4*c = -115, 0 = -b*g + g + 2*c + 187. What are the prime factors of g?
37
Let c(v) = -6*v**2 - 2*v + 2691. List the prime factors of c(0).
3, 13, 23
Suppose 5*x - 14 + 4 = 0, 0 = 3*b - 2*x - 11. Suppose 4*o = 21 - b. Suppose l - 2 = o*a, -2*a = 2*a - 16. What are the prime factors of l?
2, 3
Let t = -862 - -1662. Suppose -14*s = -96 - t. List the prime factors of s.
2
Let b = -50 + 41. Let r = 76 + b. List the prime factors of r.
67
Suppose -h - 20 = -x - 8, -12 = 2*h + 2*x. Let l = 14 - h. List the prime factors of l.
23
Let s = -7 + -1. Let k = s + 12. Suppose k*v + 53 = 3*p, 3*v + 19 = -4*p + 73. List the prime factors of p.
3, 5
Let o be 4/12 - (-35)/(-15) - -15. Let z(g) = 11*g - 52. List the prime factors of z(o).
7, 13
Let a(k) be the second derivative of 0 - 5/6*k**3 + 5*k + 1/2*k**4 - 3*k**2 + 1/20*k**5. What are the prime factors of a(-6)?
2, 3
Let k(t) = -16 + 3*t**2 - 15*t**2 - 17*t - 6 - t**3 + 6*t. List the prime factors of k(-12).
2, 5, 11
Let m = 86 + -71. Suppose n - 2176 = -m*n. What are the prime factors of n?
2, 17
Let m = 6 + 4. Suppose 3*k = k + m. Suppose -5*x + 250 = -5*b, 5 = -k*b + 20. What are the prime factors of x?
53
Let v(p) = p**3 + 9*p**2 + 6*p - 1. Suppose -6*c + 15 = -c, 19 = -y + 4*c. What are the prime factors of v(y)?
5, 11
Suppose 8*v - 3*v - 85 = 5*w, -5*w + 4*v - 86 = 0. Let p = 18 + w. Suppose s = -2*i - s + 40, -5*i + 3*s + 132 = p. What are the prime factors of i?
2, 3
Let q = 231 - -509. What are the prime factors of q?
2, 5, 37
Let i be (9/(-6))/((-6)/68). Suppose -3*q + i = -19. List the prime factors of q.
2, 3
Let r(f) = -f**3 - 7*f**2 - 5*f + 8. Let t be 6/(2 + -3 - 0). Let v be r(t). Suppose 0 = -b + v + 1. What are the prime factors of b?
3
Let s be 184/10 - 6/(-10). Suppose 0 = 4*t - s + 3. List the prime factors of (22/t)/((-6)/(-12)).
11
Let c = 18 - 13. Suppose 2*q + 22 = -c*w - 18, 0 = 3*w - 12. Let n = q - -51. What are the prime factors of n?
3, 7
What are the prime factors of (13 - 7)*(-14531)/(-22)?
3, 1321
Let l(k) = -3. Let b(v) = v + 5. Let h(t) = 4*b(t) + 9*l(t). Let p be ((16/2)/(-1))/(-1). What are the prime factors of h(p)?
5
Let w = 118 - 31. Let m = w + -45. What are the prime factors of m?
2, 3, 7
Suppose -c + 3 = 4*p, 0 = 3*p - 6. What are the prime factors of 5*3 + c + 4?
2, 7
Suppose -4*z - 4*l = -2*l + 6, 3*z - 3*l = 18. Let f(c) = 12*c - 1. Let n be f(z). List the prime factors of (-288)/(-11) - 2/n.
2, 13
Let k(a) = -a**3 - 10*a**2 + 9*a + 16. Let n(r) = -r + 1. Let l(m) = -55*m + 44. Let w(j) = l(j) - 44*n(j). Let y be w(1). List the prime factors of k(y).
2, 19
Let s be (5 - -5)*18/4. Suppose -4*n + s = -n. List the prime factors of n.
3, 5
Suppose -4*m + 41 = 3*a - 55, -2*a - 76 = -4*m. Let u = -7 + m. What are the prime factors of u?
2, 7
Suppose -5*z - 2123 = -o, -4*z + 2073 = o + z. List the prime factors of o.
2, 1049
Let f = 925 + -496. List the prime factors of f.
3, 11, 13
Suppose 0*c + c - 4*j = 30, -3*c + 5*j + 69 = 0. Let b be 452/3 + c/54. Suppose -3*h + 5*d + b = 0, 4*h - 2*d = 202 + 4. What are the prime factors of h?
2, 13
Suppose 2*h - 4*b = 58, 3*h - 89 + 10 = 4*b. Suppose -20*p = -h*p + 130. List the prime factors of p.
2, 5, 13
Suppose 4*y - y - 171 = 0. List the prime factors of y.
3, 19
Let a(c) = 2*c**3 - 10*c**2 - 10*c - 9. Let v be a(8). Suppose -2 = 2*o - 3*n - 130, -5*o = 5*n - v. What are the prime factors of o?
61
Suppose -15*r - 3033 = -13248. What are the prime factors of r?
3, 227
Let x(s) be the first derivative of 7/3*s**3 - 8 - 1/4*s**4 + 0*s**2 + 6*s. List the prime factors of x(5).
2, 7
Suppose -17*d + 26166 = -18935. What are the prime factors of d?
7, 379
Suppose r - 4 = -1. Suppose 107 = r*a - 13. Let x = -25 + a. List the prime factors of x.
3, 5
Let v(y) = 27*y**2 - 5*y - 2. Let s be v(4). Let u = s - 219. Suppose -99 = -5*c + u. List the prime factors of c.
2, 29
Let c be (-1 - 2)/3*(-6 + 2). Let z = 168 - 65. Suppose -c*s + z = 19. What are the prime factors of s?
3, 7
Suppose 2004 = -28*